 List the prime factors of 11 - 2 - 2 - x.
2, 3
Suppose 37 = 2*z - 1. Suppose 2*k + 27 = -l + 2*l, 2*l + 30 = -3*k. Let r = z + k. What are the prime factors of r?
7
Suppose -4*f - 5*y = 17, -20 - 1 = -3*f + 3*y. Let i = 12 - f. List the prime factors of i.
2, 5
Let t be (-15)/((-3)/(-2) + -3). Suppose 0 = -t*z + 5*z + 15. List the prime factors of z.
3
Suppose -3*g = d - 511, g - 2*d = 3*d + 149. What are the prime factors of g?
13
Let m = 22 + -14. Let j = m + 6. What are the prime factors of j?
2, 7
Let c(a) = -a - 1. Let j(b) = -5. Let u(r) = -5*c(r) + j(r). What are the prime factors of u(7)?
5, 7
Suppose -f + 41 = -5*m, 5*f - 147 = -2*m - 2*m. What are the prime factors of f?
31
Suppose -f - 2*f = -12. Suppose c + f*c - 3*m = 1, -3*c = m - 9. What are the prime factors of 0 + (3 - c) + 1?
2
Suppose h + 72 = 2*k + 3*h, -2*k + 4*h + 54 = 0. What are the prime factors of k?
3, 11
Let m = -2 + 4. Suppose r - 110 = -2*r + 5*p, -p + 69 = m*r. Suppose -6*o = -o - r. List the prime factors of o.
7
Let n be 20*1*(-2)/2. What are the prime factors of (-310)/n + (-1)/(-2)?
2
Suppose -a + 15 = -47. What are the prime factors of a?
2, 31
Let n(a) = -2*a - 2*a - 3*a + 5*a. List the prime factors of n(-4).
2
Let n(a) = 4*a**3 + 2*a**2 - 2*a**3 + 2 + 0*a**2 + 3*a. Let k be n(-2). List the prime factors of (-152)/k - (-1)/3.
13
Let k = 1 + 3. Suppose k = 2*l - 6. Suppose -2*z - 12 = -2*w, -3*w + l*z + 22 = w. What are the prime factors of w?
2
Let r be (2/(-3))/((-2)/9). Suppose 0 = -4*i + 2*i. Suppose -r = -y - i. What are the prime factors of y?
3
Suppose -j - 4 = -38. List the prime factors of j.
2, 17
Let z(h) = 4*h**2 + 3*h**2 + h**3 - 4*h - h**2 + 11*h + 4. Let v be z(-5). List the prime factors of (1 + 1)*(7 + v).
2
Suppose -3*f + 67 = -35. Let u = f + 5. List the prime factors of u.
3, 13
Let v be 1*(-1 + (12 - 3)). List the prime factors of (12/v)/(1/14).
3, 7
Suppose j = -0*j. Suppose 3*k = -j*k + 12. List the prime factors of k.
2
Suppose 4*n - 4*j = 64, 0*n = 5*n + 5*j - 110. Let t = 39 - n. List the prime factors of t.
2, 5
Let x = -1 - 0. Let v = 10 - x. List the prime factors of v.
11
Let s(f) = 4*f**2 + 2*f - 1. Let p be s(1). Suppose -4*c + 4*a + 7 = -a, 16 = -p*c - 2*a. What are the prime factors of c/(-5) - 264/(-40)?
7
Let h be ((-40)/32)/((-2)/8). Suppose -2*l + h = 3*l. Let r(q) = 11*q**3 - 1. What are the prime factors of r(l)?
2, 5
Let s = 24 + -2. List the prime factors of s.
2, 11
Let g = -99 - -175. What are the prime factors of g?
2, 19
Suppose -5*i + 463 = 3*w - 547, 5*i + 10 = 0. List the prime factors of w.
2, 5, 17
Let o be ((-3)/(-3))/((-1)/(-2)). Let h(k) = 6*k + 2. List the prime factors of h(o).
2, 7
Let x be ((-4)/6)/((-3)/(-27)). Let v be (-14)/x - (-3)/(-9). What are the prime factors of 17/v - 3/6?
2
Suppose -4*y - 5 = -25. List the prime factors of 4/(-10) - (-72)/y.
2, 7
Suppose 0 = 5*s - 4 - 1. Let v(c) = -7*c + 6*c + 3 - s. What are the prime factors of v(-5)?
7
Let s = 7 - -2. What are the prime factors of s?
3
What are the prime factors of 26/39 + (-320)/(-6)?
2, 3
Suppose -3*z = z + p - 10, -4*p + 16 = 4*z. Suppose 0*w + 48 = -3*w - 3*d, 0 = z*d + 10. Let q = w + 15. List the prime factors of q.
2
Suppose 3*q + 3 = 9. Let u(i) = 4*i**2 - 2*i + 2. List the prime factors of u(q).
2, 7
Suppose -344 = -2*d + 4*w, 2*w - 8 = 2. List the prime factors of d.
2, 7, 13
Let z = 76 + -23. List the prime factors of z.
53
Let h(c) = -c + 4. Let p be h(0). Suppose 116 = p*z - 4*a, -3*z + 5*a = -6*z + 55. List the prime factors of z.
5
Suppose 4*c - 16 - 8 = 0. Let y(u) = 2*u - 9. List the prime factors of y(c).
3
Let f(a) = a + 7. Let l be f(-5). Suppose m + 0*x + 3*x = -11, 45 = 5*m - 5*x. Suppose 0 = -m*u + l*u + 6. What are the prime factors of u?
3
Let y(z) = -z**3 - z**3 - z**3 - 3*z**2. Let n be 15/6*(-12)/15. What are the prime factors of y(n)?
2, 3
Let g = 59 + -41. Suppose g = 2*t + t. Let q = t + -1. What are the prime factors of q?
5
Let q be 54 + -2*2/4. Suppose -2 = -5*u + q. What are the prime factors of u?
11
Let k = 60 + 75. List the prime factors of k.
3, 5
Suppose 35 = 2*h + u + 2*u, -2*h - 5 = -5*u. Suppose -5*c + 2*s + 99 = 37, -c = 2*s - h. List the prime factors of c.
2, 3
Suppose -2*o = 3*n - 207, n + 0*n - 77 = 2*o. List the prime factors of n.
71
Suppose -8*z = -3*z. Suppose z = -5*r - 70 + 350. Suppose 5*q + 3*g - r = 0, 7*q - 40 = 3*q - 4*g. List the prime factors of q.
13
Let n be ((-2)/4 + 0)*12. Let s(l) = -13*l**2 - 28*l + 7. Let w(j) = 3*j**2 + 7*j - 2. Let r(y) = -2*s(y) - 9*w(y). List the prime factors of r(n).
2, 5
Suppose -9*d = -16*d + 119. List the prime factors of d.
17
Suppose 3*p - 258 = h + 244, -3*p + 2*h = -503. What are the prime factors of p?
167
Let k = 2 + -1. Let z = 4 + k. List the prime factors of z.
5
Let h = 19 - 19. Let i = 3 - h. List the prime factors of i.
3
Let l = 2 - 2. Let c = l + 0. Let i = 5 - c. List the prime factors of i.
5
Let z be 98/21 - 2/3. Let o = 0 + z. Suppose -o*q - 5 = -5*q. List the prime factors of q.
5
Suppose 0*q - 2*q = -208. Suppose 3*t - q = -t. What are the prime factors of t?
2, 13
Suppose 0 = 8*j - 11*j + 18. What are the prime factors of j?
2, 3
Suppose 6*t + 5 = -2*f + t, 2*t + 2 = -3*f. Suppose f = x + 2*j - 22, -3*x + 63 = 5*j + 1. What are the prime factors of x?
2, 7
Let z = 27 - -58. Let s = z - 60. What are the prime factors of s?
5
Let u(s) = 9*s - 1. Let x be u(4). Suppose -a - 4*a + x = 0. What are the prime factors of a?
7
Let v(g) = 10*g + 2. Let m be v(2). What are the prime factors of (-4)/(1*(-4)/m)?
2, 11
Let x(k) = -2*k**3 + 253. List the prime factors of x(0).
11, 23
Let w = -1 + -6. List the prime factors of w/(-5) - 6/(-10).
2
Let q(v) = 18*v + 16. List the prime factors of q(4).
2, 11
Suppose 21*s - 5702 + 1019 = 0. List the prime factors of s.
223
Let p(o) = 3*o**3 - 5*o**2 + 9*o + 3. Let d(n) = 2*n**3 - 5*n**2 + 8*n + 2. Let l(u) = -4*d(u) + 3*p(u). What are the prime factors of l(-5)?
2, 13
Let o be -1 + 4 + 5 - 1. Let c(n) = n**3 - 4*n**2 + 3*n - 2. Let l be c(2). Let g = l + o. What are the prime factors of g?
3
Let w(z) = -2*z. Let j be w(-4). Let q(k) = 8 - k**2 + 2 + 8*k - 4. List the prime factors of q(j).
2, 3
Let q = -12 + 18. Let t(w) = 7*w**3 - w**2 + 8*w + 13. Let s(p) = 8*p**3 + 9*p + 14. Let z(d) = 6*s(d) - 7*t(d). List the prime factors of z(q).
17
Let o(n) = n**3 + 12*n**2 + 10*n + 6. List the prime factors of o(-11).
17
Suppose -3 - 18 = 3*b. Let x = b + 12. What are the prime factors of x?
5
Let z = 3 - -17. List the prime factors of z.
2, 5
Let r(q) be the third derivative of 3*q**6/40 + q**4/24 - q**3/6 + 6*q**2. Let a(f) = f**2 - 3*f - 3. Let s be a(4). List the prime factors of r(s).
3
Suppose -82 - 26 = -3*w. List the prime factors of w.
2, 3
Suppose 5*m + 15 = 0, 4*m - 7 = q - 21. What are the prime factors of (3/q)/((-3)/(-16))?
2
Let o(x) = -x - 4. Let m(f) = 3*f + 11. Let a(s) = 6*m(s) + 17*o(s). What are the prime factors of a(6)?
2
Let n(d) = -2*d**2 + 24*d + 10. What are the prime factors of n(12)?
2, 5
Let k = 18 + -12. Suppose 3*r - 9 = 0, -5*x - 3*r + 136 = -k*r. List the prime factors of x.
29
Let z(a) = -a - 2. Let r be z(6). Let m = r - -18. List the prime factors of m.
2, 5
Suppose 5*w - 3*w = -2. Let u = 7 - w. List the prime factors of u.
2
Suppose -2*d + v + 90 = 0, v - 53 - 45 = -2*d. List the prime factors of d.
47
List the prime factors of ((-2 - 99) + (-2 - -5))/(-1).
2, 7
Let z = -1 - -3. Suppose 0 = z*v, 2*v = -3*j + 6*v + 6. Suppose -j*f = -4 - 2. What are the prime factors of f?
3
Let u = 33 + 14. Suppose -4*y = a - 39, 0 = 5*y + a + 2*a - u. What are the prime factors of 4/y + 63/5?
13
Let t(q) = -3*q**2 + q - 14. Let s(p) = 2*p**2 + 7. Let w(l) = 5*s(l) + 3*t(l). What are the prime factors of w(-6)?
11
Suppose 0 = 5*l + 4*u - 1028 - 442, -2*u = 0. What are the prime factors of l?
2, 3, 7
Suppose -23 = 2*m - 3*m - 3*d, 5*m - d = 67. List the prime factors of m.
2, 7
Let t(k) = k**2 - 4*k + 3. Let n be t(5). Suppose -3*j = -s - 6*j - n, 0 = -5*s - j + 30. Let y = 2 + s. List the prime factors of y.
3
Suppose 0 = 8*v - 3*v - 1645. What are the prime factors of v?
7, 47
Suppose -10 = -4*v + 2. Suppose 23 = -m + 5*d, 0 = d - 2 - v. List the prime factors of (m + 2 -